{"id":6661,"date":"2025-03-31T14:16:41","date_gmt":"2025-03-31T14:16:41","guid":{"rendered":"https:\/\/www.implalab.pl\/?page_id=6661"},"modified":"2026-03-17T10:35:53","modified_gmt":"2026-03-17T10:35:53","slug":"implanty-2","status":"publish","type":"page","link":"https:\/\/www.implalab.pl\/?page_id=6661","title":{"rendered":"Implanty"},"content":{"rendered":"\t\t<div data-elementor-type=\"wp-page\" data-elementor-id=\"6661\" class=\"elementor elementor-6661\">\n\t\t\t\t<div class=\"elementor-element elementor-element-f31f2f6 e-flex e-con-boxed e-con e-parent\" data-id=\"f31f2f6\" data-element_type=\"container\" data-e-type=\"container\" data-settings=\"{&quot;background_background&quot;:&quot;classic&quot;}\">\n\t\t\t\t\t<div class=\"e-con-inner\">\n\t\t<div class=\"elementor-element elementor-element-d38ba7a e-con-full e-flex e-con e-child\" data-id=\"d38ba7a\" data-element_type=\"container\" data-e-type=\"container\">\n\t\t\t\t<div class=\"elementor-element elementor-element-093eac7 elementor-widget elementor-widget-spacer\" data-id=\"093eac7\" data-element_type=\"widget\" data-e-type=\"widget\" data-widget_type=\"spacer.default\">\n\t\t\t\t<div class=\"elementor-widget-container\">\n\t\t\t\t\t\t\t<div class=\"elementor-spacer\">\n\t\t\t<div class=\"elementor-spacer-inner\"><\/div>\n\t\t<\/div>\n\t\t\t\t\t\t<\/div>\n\t\t\t\t<\/div>\n\t\t\t\t<\/div>\n\t\t<div class=\"elementor-element elementor-element-fb9ad49 e-con-full e-flex e-con e-child\" data-id=\"fb9ad49\" data-element_type=\"container\" data-e-type=\"container\">\n\t\t\t\t<\/div>\n\t\t<div class=\"elementor-element elementor-element-88c19ad e-con-full e-flex e-con e-child\" data-id=\"88c19ad\" data-element_type=\"container\" data-e-type=\"container\">\n\t\t\t\t<\/div>\n\t\t<div class=\"elementor-element elementor-element-f8de18d e-con-full e-flex e-con e-child\" data-id=\"f8de18d\" data-element_type=\"container\" data-e-type=\"container\">\n\t\t\t\t<div class=\"elementor-element elementor-element-818e1e5 elementor-widget elementor-widget-spacer\" data-id=\"818e1e5\" data-element_type=\"widget\" data-e-type=\"widget\" data-widget_type=\"spacer.default\">\n\t\t\t\t<div class=\"elementor-widget-container\">\n\t\t\t\t\t\t\t<div class=\"elementor-spacer\">\n\t\t\t<div class=\"elementor-spacer-inner\"><\/div>\n\t\t<\/div>\n\t\t\t\t\t\t<\/div>\n\t\t\t\t<\/div>\n\t\t\t\t<div class=\"elementor-element elementor-element-abaa2f7 elementor-widget elementor-widget-text-editor\" data-id=\"abaa2f7\" data-element_type=\"widget\" data-e-type=\"widget\" data-widget_type=\"text-editor.default\">\n\t\t\t\t<div class=\"elementor-widget-container\">\n\t\t\t\t\t\t\t\t\t<p><span style=\"font-family: gt-planar-medium; font-size: 36px; color: #000000;\">IMPLANTY<\/span><\/p>\t\t\t\t\t\t\t\t<\/div>\n\t\t\t\t<\/div>\n\t\t\t\t<\/div>\n\t\t\t\t\t<\/div>\n\t\t\t\t<\/div>\n\t\t<div class=\"elementor-element elementor-element-448e404 e-flex e-con-boxed e-con e-parent\" data-id=\"448e404\" data-element_type=\"container\" data-e-type=\"container\">\n\t\t\t\t\t<div class=\"e-con-inner\">\n\t\t\t\t<div class=\"elementor-element elementor-element-f05d04b elementor-widget elementor-widget-heading\" data-id=\"f05d04b\" data-element_type=\"widget\" data-e-type=\"widget\" data-widget_type=\"heading.default\">\n\t\t\t\t<div class=\"elementor-widget-container\">\n\t\t\t\t\t<h2 class=\"elementor-heading-title elementor-size-default\">Dodaj tu sw\u00f3j tekst nag\u0142\u00f3wka<\/h2>\t\t\t\t<\/div>\n\t\t\t\t<\/div>\n\t\t\t\t<div class=\"elementor-element elementor-element-7bea179 elementor-widget__width-initial elementor-widget elementor-widget-text-editor\" data-id=\"7bea179\" data-element_type=\"widget\" data-e-type=\"widget\" data-widget_type=\"text-editor.default\">\n\t\t\t\t<div class=\"elementor-widget-container\">\n\t\t\t\t\t\t\t\t\t<p><span style=\"font-family: gt-planar-light;\">\u00a0<\/span><\/p><div><p style=\"text-align: left;\" data-sourcepos=\"1:1-1:48\"><strong><span style=\"font-family: gt-planar-regular; font-size: 18px;\">Wyciski pod prace oparte na implantach<br \/><br \/><\/span><\/strong><\/p><ul><li style=\"text-align: left;\" data-sourcepos=\"5:1-5:426\"><span style=\"font-family: gt-planar-light;\">Preferowana masa wyciskowa to Impregum 3M ESPE.\u00a0<\/span><\/li><li style=\"text-align: left;\" data-sourcepos=\"5:1-5:426\"><span style=\"font-family: gt-planar-light;\">Do ka\u017cdego wycisku pod prace oparte na implantach prosimy o za\u0142\u0105czenie analog\u00f3w implant\u00f3w wraz ze specyfikacj\u0105 u\u017cytych element\u00f3w.<\/span><\/li><li style=\"text-align: left;\" data-sourcepos=\"5:1-5:426\"><span style=\"font-family: gt-planar-light;\">\u00a0W wypadku braku analogu prosimy o wcze\u015bniejszy kontakt telefoniczny w celu dobrania analogu.\u00a0<\/span><\/li><li style=\"text-align: left;\" data-sourcepos=\"5:1-5:426\"><span style=\"font-family: gt-planar-light;\">Je\u017celi do wykonania nadbudowy opartej na implantach otrzymamy u\u017cywany analog implantu, pracownia nie odpowiada za pasowno\u015b\u0107 uzupe\u0142nienia w ustach pacjenta.<\/span><\/li><li style=\"text-align: left;\" data-sourcepos=\"7:1-7:137\"><span style=\"font-family: gt-planar-light;\">Przy pracach zespolonych na wielu implantach transfery wyciskowe \u0142\u0105czymy szybkopolimerem (patern-resine) lub zamawiamy klucz transferowy.<\/span><\/li><li style=\"text-align: left;\" data-sourcepos=\"9:1-9:188\"><span style=\"font-family: gt-planar-light;\">Preferujemy wyciski pobrane na \u0142y\u017ckach otwartych jako docelowe do wykonania ostatecznej pracy. Przy \u0142y\u017ckach zamkni\u0119tych pracownia nie odpowiada za pasowno\u015b\u0107 uzupe\u0142nienia w ustach pacjenta.<\/span><\/li><\/ul><p>\u00a0<\/p><p style=\"text-align: left;\" data-sourcepos=\"11:1-11:34\"><strong><span style=\"font-family: gt-planar-regular; font-size: 18px;\">Cyfryzacja w Implantoprotetyce<br \/><br \/><\/span><\/strong><\/p><p style=\"text-align: left;\" data-sourcepos=\"13:1-13:233\"><span style=\"font-family: gt-planar-light;\">W erze cyfryzacji stomatologii, technologia skanowania wewn\u0105trzustnego i projektowania CAD\/CAM staje si\u0119 coraz bardziej powszechna i preferowana, oferuj\u0105c znacz\u0105ce korzy\u015bci zar\u00f3wno dla pacjenta, jak i dla precyzji pracy protetycznej.<br \/><br \/><\/span><\/p><p><strong><span style=\"font-family: gt-planar-light;\">Zalety wycisk\u00f3w cyfrowych:<\/span><\/strong><\/p><ul><li style=\"list-style-type: none;\"><ul data-sourcepos=\"16:5-20:0\"><li style=\"text-align: left;\" data-sourcepos=\"16:5-16:355\"><span style=\"font-family: gt-planar-light;\"><strong>Wy\u017csza precyzja i dok\u0142adno\u015b\u0107:<\/strong> Skanery wewn\u0105trzustne zapewniaj\u0105 bardzo dok\u0142adne cyfrowe modele, minimalizuj\u0105c b\u0142\u0119dy i zniekszta\u0142cenia, kt\u00f3re mog\u0105 wyst\u0105pi\u0107 przy tradycyjnych masach wyciskowych. W wielu badaniach wykazano, \u017ce wyciski cyfrowe s\u0105 r\u00f3wnie dok\u0142adne lub dok\u0142adniejsze ni\u017c konwencjonalne, szczeg\u00f3lnie w przypadku prac na wielu implantach.<\/span><\/li><li style=\"text-align: left;\" data-sourcepos=\"17:5-17:136\"><span style=\"font-family: gt-planar-light;\"><strong>Komfort pacjenta:<\/strong> Eliminuje potrzeb\u0119 u\u017cycia mas wyciskowych, co jest szczeg\u00f3lnie korzystne dla pacjent\u00f3w z odruchem wymiotnym.<\/span><\/li><li style=\"text-align: left;\" data-sourcepos=\"18:5-18:164\"><span style=\"font-family: gt-planar-light;\"><strong>Szybko\u015b\u0107 i efektywno\u015b\u0107:<\/strong> Proces skanowania jest szybki, a cyfrowe dane mog\u0105 by\u0107 natychmiastowo przesy\u0142ane do laboratorium, skracaj\u0105c czas realizacji pracy.<\/span><\/li><li style=\"text-align: left;\" data-sourcepos=\"19:5-20:0\"><span style=\"font-family: gt-planar-light;\"><strong>Usprawniona komunikacja:<\/strong> Cyfrowe modele u\u0142atwiaj\u0105 komunikacj\u0119 i planowanie mi\u0119dzy lekarzem a technikiem dentystycznym.<\/span><\/li><\/ul><\/li><\/ul><div style=\"text-align: left;\">\u00a0<\/div><div style=\"text-align: left;\">\u00a0<\/div><p style=\"text-align: left;\" data-sourcepos=\"21:3-21:42\"><span style=\"font-family: gt-planar-light;\"><strong>Wymogi dotycz\u0105ce wycisk\u00f3w cyfrowych:<\/strong><\/span><\/p><ul><li style=\"list-style-type: none;\"><ul data-sourcepos=\"22:5-25:0\"><li data-sourcepos=\"22:5-22:193\"><span style=\"font-family: gt-planar-light;\">W przypadku wycisk\u00f3w cyfrowych prosimy o przes\u0142anie plik\u00f3w w formacie STL,RLY, DCM\u00a0 (lub innym uzgodnionym) zawieraj\u0105cych skany \u0142uku z\u0119bowego pacjenta oraz pozycje skan-body (transfer\u00f3w cyfrowych).<\/span><\/li><li data-sourcepos=\"22:5-22:193\"><p style=\"font-family: gt-planar-light, sans-serif;\"><span style=\"font-family: gt-planar-light;\">Niezb\u0119dne jest r\u00f3wnie\u017c podanie specyfikacji u\u017cytych skan-body oraz systemu implantologicznego, do kt\u00f3rego nale\u017c\u0105.<\/span><\/p><ul style=\"margin-bottom: 10.5px; font-family: gt-planar-light, sans-serif;\"><li style=\"list-style-type: none;\">\u00a0<\/li><\/ul><\/li><\/ul><\/li><\/ul><ul><li style=\"list-style-type: none;\"><ul data-sourcepos=\"22:5-25:0\"><li data-sourcepos=\"24:5-25:0\"><span style=\"font-family: gt-planar-light;\">W przypadku prac opartych na implantach, cyfrowy przep\u0142yw pracy cz\u0119sto eliminuje potrzeb\u0119 stosowania fizycznych analog\u00f3w implant\u00f3w w laboratorium, poniewa\u017c model roboczy mo\u017ce by\u0107 drukowany 3D lub frezowany na podstawie danych cyfrowych. Niemniej jednak, w niekt\u00f3rych sytuacjach lub dla cel\u00f3w weryfikacji, prosimy o wcze\u015bniejszy kontakt w celu ustalenia, czy fizyczne analogi s\u0105 potrzebne.<\/span><\/li><\/ul><\/li><\/ul><div><span style=\"font-family: gt-planar-light;\">\u00a0<\/span><\/div><div>\u00a0<\/div><\/div><div><p><span style=\"font-family: gt-planar-light;\">Pracownia dok\u0142ada wszelkich stara\u0144, aby zapewni\u0107 najwy\u017csz\u0105 jako\u015b\u0107 i pasywno\u015b\u0107 uzupe\u0142nie\u0144, niezale\u017cnie od wybranej metody pobierania wycisk\u00f3w, jednak zawsze zaleca stosowanie technik zapewniaj\u0105cych najwi\u0119ksz\u0105 precyzj\u0119.<\/span><\/p><\/div>\t\t\t\t\t\t\t\t<\/div>\n\t\t\t\t<\/div>\n\t\t\t\t<div class=\"elementor-element elementor-element-7c77a67 elementor-widget elementor-widget-spacer\" data-id=\"7c77a67\" data-element_type=\"widget\" data-e-type=\"widget\" data-widget_type=\"spacer.default\">\n\t\t\t\t<div class=\"elementor-widget-container\">\n\t\t\t\t\t\t\t<div class=\"elementor-spacer\">\n\t\t\t<div class=\"elementor-spacer-inner\"><\/div>\n\t\t<\/div>\n\t\t\t\t\t\t<\/div>\n\t\t\t\t<\/div>\n\t\t\t\t\t<\/div>\n\t\t\t\t<\/div>\n\t\t\t\t<\/div>\n\t\t","protected":false},"excerpt":{"rendered":"<p>IMPLANTY Dodaj tu sw\u00f3j tekst nag\u0142\u00f3wka \u00a0 Wyciski pod prace oparte na implantach Preferowana masa wyciskowa to Impregum 3M ESPE.\u00a0 Do ka\u017cdego wycisku pod prace oparte na implantach prosimy o za\u0142\u0105czenie analog\u00f3w implant\u00f3w wraz ze specyfikacj\u0105 u\u017cytych element\u00f3w. \u00a0W wypadku braku analogu prosimy o wcze\u015bniejszy kontakt telefoniczny w celu dobrania analogu.\u00a0 Je\u017celi do wykonania nadbudowy &hellip;<\/p>\n","protected":false},"author":1,"featured_media":0,"parent":0,"menu_order":0,"comment_status":"closed","ping_status":"closed","template":"","meta":{"_acf_changed":false,"ngg_post_thumbnail":0,"footnotes":""},"class_list":["post-6661","page","type-page","status-publish","hentry"],"acf":[],"_links":{"self":[{"href":"https:\/\/www.implalab.pl\/index.php?rest_route=\/wp\/v2\/pages\/6661","targetHints":{"allow":["GET"]}}],"collection":[{"href":"https:\/\/www.implalab.pl\/index.php?rest_route=\/wp\/v2\/pages"}],"about":[{"href":"https:\/\/www.implalab.pl\/index.php?rest_route=\/wp\/v2\/types\/page"}],"author":[{"embeddable":true,"href":"https:\/\/www.implalab.pl\/index.php?rest_route=\/wp\/v2\/users\/1"}],"replies":[{"embeddable":true,"href":"https:\/\/www.implalab.pl\/index.php?rest_route=%2Fwp%2Fv2%2Fcomments&post=6661"}],"version-history":[{"count":42,"href":"https:\/\/www.implalab.pl\/index.php?rest_route=\/wp\/v2\/pages\/6661\/revisions"}],"predecessor-version":[{"id":8429,"href":"https:\/\/www.implalab.pl\/index.php?rest_route=\/wp\/v2\/pages\/6661\/revisions\/8429"}],"wp:attachment":[{"href":"https:\/\/www.implalab.pl\/index.php?rest_route=%2Fwp%2Fv2%2Fmedia&parent=6661"}],"curies":[{"name":"wp","href":"https:\/\/api.w.org\/{rel}","templated":true}]}}