{"id":6671,"date":"2025-03-31T12:30:39","date_gmt":"2025-03-31T12:30:39","guid":{"rendered":"https:\/\/www.implalab.pl\/?page_id=6671"},"modified":"2026-03-17T10:30:29","modified_gmt":"2026-03-17T10:30:29","slug":"wspolpraca","status":"publish","type":"page","link":"https:\/\/www.implalab.pl\/?page_id=6671","title":{"rendered":"WSP\u00d3\u0141PRACA"},"content":{"rendered":"\t\t<div data-elementor-type=\"wp-page\" data-elementor-id=\"6671\" class=\"elementor elementor-6671\">\n\t\t\t\t<div class=\"elementor-element elementor-element-2d15859 e-flex e-con-boxed e-con e-parent\" data-id=\"2d15859\" data-element_type=\"container\" data-e-type=\"container\" data-settings=\"{&quot;background_background&quot;:&quot;classic&quot;}\">\n\t\t\t\t\t<div class=\"e-con-inner\">\n\t\t<div class=\"elementor-element elementor-element-16e532d e-con-full e-flex e-con e-child\" data-id=\"16e532d\" data-element_type=\"container\" data-e-type=\"container\">\n\t\t\t\t<div class=\"elementor-element elementor-element-be55481 elementor-widget elementor-widget-spacer\" data-id=\"be55481\" data-element_type=\"widget\" data-e-type=\"widget\" data-widget_type=\"spacer.default\">\n\t\t\t\t<div class=\"elementor-widget-container\">\n\t\t\t\t\t\t\t<div class=\"elementor-spacer\">\n\t\t\t<div class=\"elementor-spacer-inner\"><\/div>\n\t\t<\/div>\n\t\t\t\t\t\t<\/div>\n\t\t\t\t<\/div>\n\t\t\t\t<\/div>\n\t\t<div class=\"elementor-element elementor-element-d6c61a9 e-con-full e-flex e-con e-child\" data-id=\"d6c61a9\" data-element_type=\"container\" data-e-type=\"container\">\n\t\t\t\t<\/div>\n\t\t<div class=\"elementor-element elementor-element-dc05f04 e-con-full e-flex e-con e-child\" data-id=\"dc05f04\" data-element_type=\"container\" data-e-type=\"container\">\n\t\t\t\t<\/div>\n\t\t<div class=\"elementor-element elementor-element-5775d76 e-con-full e-flex e-con e-child\" data-id=\"5775d76\" data-element_type=\"container\" data-e-type=\"container\">\n\t\t\t\t<div class=\"elementor-element elementor-element-c983955 elementor-widget elementor-widget-spacer\" data-id=\"c983955\" data-element_type=\"widget\" data-e-type=\"widget\" data-widget_type=\"spacer.default\">\n\t\t\t\t<div class=\"elementor-widget-container\">\n\t\t\t\t\t\t\t<div class=\"elementor-spacer\">\n\t\t\t<div class=\"elementor-spacer-inner\"><\/div>\n\t\t<\/div>\n\t\t\t\t\t\t<\/div>\n\t\t\t\t<\/div>\n\t\t\t\t<div class=\"elementor-element elementor-element-279d73a elementor-widget elementor-widget-text-editor\" data-id=\"279d73a\" data-element_type=\"widget\" data-e-type=\"widget\" data-widget_type=\"text-editor.default\">\n\t\t\t\t<div class=\"elementor-widget-container\">\n\t\t\t\t\t\t\t\t\t<p><span style=\"font-family: gt-planar-medium; font-size: 36px; color: #000000;\">WSP\u00d3\u0141PRACA<\/span><\/p>\t\t\t\t\t\t\t\t<\/div>\n\t\t\t\t<\/div>\n\t\t\t\t<\/div>\n\t\t\t\t\t<\/div>\n\t\t\t\t<\/div>\n\t\t<div class=\"elementor-element elementor-element-39ab451 e-flex e-con-boxed e-con e-parent\" data-id=\"39ab451\" data-element_type=\"container\" data-e-type=\"container\">\n\t\t\t\t\t<div class=\"e-con-inner\">\n\t\t\t\t<div class=\"elementor-element elementor-element-15ef1a0 elementor-widget-divider--view-line elementor-widget elementor-widget-divider\" data-id=\"15ef1a0\" data-element_type=\"widget\" data-e-type=\"widget\" data-widget_type=\"divider.default\">\n\t\t\t\t<div class=\"elementor-widget-container\">\n\t\t\t\t\t\t\t<div class=\"elementor-divider\">\n\t\t\t<span class=\"elementor-divider-separator\">\n\t\t\t\t\t\t<\/span>\n\t\t<\/div>\n\t\t\t\t\t\t<\/div>\n\t\t\t\t<\/div>\n\t\t\t\t<div class=\"elementor-element elementor-element-b763bfb elementor-widget elementor-widget-tablepress-table\" data-id=\"b763bfb\" data-element_type=\"widget\" data-e-type=\"widget\" data-widget_type=\"tablepress-table.default\">\n\t\t\t\t\t\n<table id=\"tablepress-3\" class=\"tablepress tablepress-id-3 tbody-has-connected-cells\">\n<thead>\n<tr class=\"row-1\">\n\t<th colspan=\"4\" class=\"column-1\"><span style=\"color:#333333;\"><strong>Terminarz<\/strong><\/span><\/th>\n<\/tr>\n<\/thead>\n<tbody class=\"row-striping row-hover\">\n<tr class=\"row-2\">\n\t<td class=\"column-1\"><\/td><td class=\"column-2\"><\/td><td class=\"column-3\"><\/td><td class=\"column-4\"><\/td>\n<\/tr>\n<tr class=\"row-3\">\n\t<td class=\"column-1\"><strong>Rodzaj pracy<\/strong><\/td><td class=\"column-2\"><strong>Dni robocze*<\/strong><\/td><td class=\"column-3\"><strong>Rodzaj pracy<\/strong><\/td><td class=\"column-4\"><strong>Dni robocze*<\/strong><\/td>\n<\/tr>\n<tr class=\"row-4\">\n\t<td class=\"column-1\">All-on-X Zr lub licowane kompozytem<\/td><td class=\"column-2\">15<\/td><td class=\"column-3\">Korona kompozytowa o podbudowie ze sticku<\/td><td class=\"column-4\">5<\/td>\n<\/tr>\n<tr class=\"row-5\">\n\t<td class=\"column-1\">Korona Zr na \u0142\u0105czniku indywidualnym <\/td><td class=\"column-2\">7<\/td><td class=\"column-3\">Korona kompozytowa o podbudowie metalowej<\/td><td class=\"column-4\">6<\/td>\n<\/tr>\n<tr class=\"row-6\">\n\t<td class=\"column-1\">Korona Mc na \u0142\u0105czniku indywidualnym<\/td><td class=\"column-2\">7<\/td><td class=\"column-3\">Most kompozytowy powy\u017cej 5 pkt<\/td><td class=\"column-4\">6<\/td>\n<\/tr>\n<tr class=\"row-7\">\n\t<td class=\"column-1\">Mosty Zr na \u0142\u0105cznikach indywidualnych<\/td><td class=\"column-2\">7<\/td><td class=\"column-3\">Wk\u0142ad k k metoda bezpo\u015brednia<\/td><td class=\"column-4\">3<\/td>\n<\/tr>\n<tr class=\"row-8\">\n\t<td class=\"column-1\">Mosty Mc na \u0142\u0105cznikach indywidualnych<\/td><td class=\"column-2\">7<\/td><td class=\"column-3\">Wk\u0142ad k k metoda po\u015brednia<\/td><td class=\"column-4\">4<\/td>\n<\/tr>\n<tr class=\"row-9\">\n\t<td class=\"column-1\">\u0141\u0105czniki indywidualne<\/td><td class=\"column-2\">3<\/td><td class=\"column-3\">Proteza akrylowa \u2013 wzorniki, \u0142y\u017cki<\/td><td class=\"column-4\">3<\/td>\n<\/tr>\n<tr class=\"row-10\">\n\t<td class=\"column-1\">Korona porcelanowa \u2013 metal \/cyrkon do 5 pkt<\/td><td class=\"column-2\">6<\/td><td class=\"column-3\"><\/td><td class=\"column-4\"><\/td>\n<\/tr>\n<tr class=\"row-11\">\n\t<td class=\"column-1\">Korona porcelanowa \u2013 metal\/ cyrkon powy\u017cej 5 pkt<\/td><td class=\"column-2\">7<\/td><td class=\"column-3\"><\/td><td class=\"column-4\"><\/td>\n<\/tr>\n<tr class=\"row-12\">\n\t<td class=\"column-1\">Korona porcelanowa \u2013 surowa porcelana<\/td><td class=\"column-2\">5<\/td><td class=\"column-3\"><\/td><td class=\"column-4\"><\/td>\n<\/tr>\n<tr class=\"row-13\">\n\t<td class=\"column-1\">Korona porcelanowa \u2013 surowa porcelana powy\u017cej 5 pkt<\/td><td class=\"column-2\">6<\/td><td class=\"column-3\"><\/td><td class=\"column-4\"><\/td>\n<\/tr>\n<tr class=\"row-14\">\n\t<td class=\"column-1\">Korona porcelanowa \u2013 glazurowanie<\/td><td class=\"column-2\">3<\/td><td class=\"column-3\"><\/td><td class=\"column-4\"><\/td>\n<\/tr>\n<tr class=\"row-15\">\n\t<td class=\"column-1\">Inlay z\u0142oty<\/td><td class=\"column-2\">5<\/td><td class=\"column-3\"><\/td><td class=\"column-4\"><\/td>\n<\/tr>\n<tr class=\"row-16\">\n\t<td class=\"column-1\">Inlay porcelanowy lub t\u0142oczony<\/td><td class=\"column-2\">6<\/td><td class=\"column-3\"><\/td><td class=\"column-4\"><\/td>\n<\/tr>\n<tr class=\"row-17\">\n\t<td class=\"column-1\">Inlay kompozytowy<\/td><td class=\"column-2\">6<\/td><td class=\"column-3\"><\/td><td class=\"column-4\"><\/td>\n<\/tr>\n<tr class=\"row-18\">\n\t<td class=\"column-1\">Korona kompozytowa<\/td><td class=\"column-2\">6<\/td><td class=\"column-3\"><\/td><td class=\"column-4\"><\/td>\n<\/tr>\n<tr class=\"row-19\">\n\t<td class=\"column-1\">Lic\u00f3wka porcelanowa lub t\u0142oczona<\/td><td class=\"column-2\">6<\/td><td class=\"column-3\"><\/td><td class=\"column-4\"><\/td>\n<\/tr>\n<tr class=\"row-20\">\n\t<td class=\"column-1\"><\/td><td class=\"column-2\"><\/td><td class=\"column-3\"><\/td><td class=\"column-4\"><\/td>\n<\/tr>\n<tr class=\"row-21\">\n\t<td colspan=\"4\" class=\"column-1\"><span style=\"color:#333333;\"><strong>*Dzie\u0144 zg\u0142oszenia nie wlicza si\u0119 do dnia rozpocz\u0119cia pacy.<\/strong><\/span><\/td>\n<\/tr>\n<\/tbody>\n<\/table>\n<!-- #tablepress-3 from cache -->\t\t\t\t<\/div>\n\t\t\t\t\t<\/div>\n\t\t\t\t<\/div>\n\t\t<div class=\"elementor-element elementor-element-99a390e e-flex e-con-boxed e-con e-parent\" data-id=\"99a390e\" data-element_type=\"container\" data-e-type=\"container\">\n\t\t\t\t\t<div class=\"e-con-inner\">\n\t\t\t\t<div class=\"elementor-element elementor-element-9706fb6 elementor-widget elementor-widget-spacer\" data-id=\"9706fb6\" data-element_type=\"widget\" data-e-type=\"widget\" data-widget_type=\"spacer.default\">\n\t\t\t\t<div class=\"elementor-widget-container\">\n\t\t\t\t\t\t\t<div class=\"elementor-spacer\">\n\t\t\t<div class=\"elementor-spacer-inner\"><\/div>\n\t\t<\/div>\n\t\t\t\t\t\t<\/div>\n\t\t\t\t<\/div>\n\t\t\t\t<div class=\"elementor-element elementor-element-3ac7e0a elementor-widget elementor-widget-text-editor\" data-id=\"3ac7e0a\" data-element_type=\"widget\" data-e-type=\"widget\" data-widget_type=\"text-editor.default\">\n\t\t\t\t<div class=\"elementor-widget-container\">\n\t\t\t\t\t\t\t\t\t<p style=\"text-align: left;\"><strong><span style=\"font-family: gt-planar-regular; font-size: 18px;\">Warunki realizacji<br \/><br \/><\/span><\/strong><\/p><ul><li><p><span style=\"font-family: gt-planar-light; font-size: 14px;\">Na terenie Warszawy i okolic prace odbieraj\u0105 kurierzy.<\/span><\/p><\/li><li><p><span style=\"font-family: gt-planar-light; font-size: 14px;\">Odbieranie i dostarczanie prac odbywa si\u0119 od godz. 10.00 do 18.00 (pn-pt).<\/span><\/p><\/li><li><p><span style=\"font-family: gt-planar-light; font-size: 14px;\">Gabinety z teren\u00f3w Polski prosimy o przesy\u0142anie prac na Nasz adres firm\u0105 kuriersk\u0105 lub Poczt\u0105 Polsk\u0105.<\/span><\/p><\/li><\/ul><div><span style=\"font-family: gt-planar-light;\">\u00a0<\/span><\/div><div><span style=\"font-family: gt-planar-light;\">\u00a0<\/span><\/div>\t\t\t\t\t\t\t\t<\/div>\n\t\t\t\t<\/div>\n\t\t\t\t<div class=\"elementor-element elementor-element-86f735b elementor-align-center elementor-widget elementor-widget-button\" data-id=\"86f735b\" data-element_type=\"widget\" data-e-type=\"widget\" data-widget_type=\"button.default\">\n\t\t\t\t<div class=\"elementor-widget-container\">\n\t\t\t\t\t\t\t\t\t<div class=\"elementor-button-wrapper\">\n\t\t\t\t\t<a class=\"elementor-button elementor-button-link elementor-size-sm\" href=\"https:\/\/www.implalab.pl\/wp-content\/uploads\/2026\/01\/ImplaKarta-strona.pdf\" target=\"_blank\">\n\t\t\t\t\t\t<span class=\"elementor-button-content-wrapper\">\n\t\t\t\t\t\t<span class=\"elementor-button-icon\">\n\t\t\t\t<svg aria-hidden=\"true\" class=\"e-font-icon-svg e-far-arrow-alt-circle-down\" viewBox=\"0 0 512 512\" xmlns=\"http:\/\/www.w3.org\/2000\/svg\"><path d=\"M256 8C119 8 8 119 8 256s111 248 248 248 248-111 248-248S393 8 256 8zm0 448c-110.5 0-200-89.5-200-200S145.5 56 256 56s200 89.5 200 200-89.5 200-200 200zm-32-316v116h-67c-10.7 0-16 12.9-8.5 20.5l99 99c4.7 4.7 12.3 4.7 17 0l99-99c7.6-7.6 2.2-20.5-8.5-20.5h-67V140c0-6.6-5.4-12-12-12h-40c-6.6 0-12 5.4-12 12z\"><\/path><\/svg>\t\t\t<\/span>\n\t\t\t\t\t\t\t\t\t<span class=\"elementor-button-text\">Pobierz zlecenie<\/span>\n\t\t\t\t\t<\/span>\n\t\t\t\t\t<\/a>\n\t\t\t\t<\/div>\n\t\t\t\t\t\t\t\t<\/div>\n\t\t\t\t<\/div>\n\t\t\t\t<div class=\"elementor-element elementor-element-c0d84a8 elementor-widget elementor-widget-spacer\" data-id=\"c0d84a8\" data-element_type=\"widget\" data-e-type=\"widget\" data-widget_type=\"spacer.default\">\n\t\t\t\t<div class=\"elementor-widget-container\">\n\t\t\t\t\t\t\t<div class=\"elementor-spacer\">\n\t\t\t<div class=\"elementor-spacer-inner\"><\/div>\n\t\t<\/div>\n\t\t\t\t\t\t<\/div>\n\t\t\t\t<\/div>\n\t\t\t\t<div class=\"elementor-element elementor-element-67880ad elementor-widget elementor-widget-text-editor\" data-id=\"67880ad\" data-element_type=\"widget\" data-e-type=\"widget\" data-widget_type=\"text-editor.default\">\n\t\t\t\t<div class=\"elementor-widget-container\">\n\t\t\t\t\t\t\t\t\t<p style=\"text-align: left;\"><span style=\"font-size: 18px; font-family: gt-planar-regular;\">GWARANCJA<\/span><\/p><p>\u00a0<\/p><p><span style=\"font-size: 14px; font-family: gt-planar-light;\"><strong>Prace protetyczne wykonane w laboratorium s\u0105 obj\u0119te 24 miesi\u0119czn\u0105 gwarancj\u0105, korony i mosty cyrkonowe 5 letni\u0105 gwarancj\u0105 Gwarancja nie obowi\u0105zuje w przypadku:<br \/><br \/><\/strong><\/span><\/p><ul class=\"moje\"><li><p><span style=\"font-size: 14px; font-family: gt-planar-light;\">pracy zaprojektowanej nie zgodnie z zasadami na \u017cyczenie zlecaj\u0105cego,<\/span><\/p><\/li><li><p><span style=\"font-size: 14px; font-family: gt-planar-light;\">pracy wykonywanej na niedok\u0142adnych wyciskach i \u017ale przygotowanym polu protetycznym na \u017cyczenie zlecaj\u0105cego,<\/span><\/p><\/li><li><p><span style=\"font-size: 14px; font-family: gt-planar-light;\">uszkodze\u0144 po wykonaniu u pacjenta p\u00f3\u017aniejszych uzupe\u0142nie\u0144 protetycznych w innym laboratorium,<\/span><\/p><\/li><li><p><span style=\"font-size: 14px; font-family: gt-planar-light;\">uszkodze\u0144 powsta\u0142ych na skutek naturalnego osiadania protez( z\u0142amania, p\u0119kni\u0119cia ,przetarcia),<\/span><\/p><\/li><li><p><span style=\"font-size: 14px; font-family: gt-planar-light;\">odkszta\u0142cenia element\u00f3w metalowych w protezach szkieletowych i osiadaj\u0105cych,<\/span><\/p><\/li><li><p><span style=\"font-size: 14px; font-family: gt-planar-light;\">wszelkie uszkodzenia wynikaj\u0105ce z braku w\u0142a\u015bciwej higieny uzupe\u0142nie\u0144 protetycznych,<\/span><\/p><\/li><li><p><span style=\"font-size: 14px; font-family: gt-planar-light;\">uszkodzenia wynikaj\u0105ce z ingerencji pacjenta lub os\u00f3b nieuprawnionych,<\/span><\/p><\/li><li><p><span style=\"color: var( --e-global-color-text ); font-size: 14px; font-weight: var( --e-global-typography-text-font-weight ); text-align: var(--text-align); font-family: gt-planar-light;\">wykonania napraw w innym laboratorium,<\/span><\/p><\/li><li><p><span style=\"font-size: 14px; font-family: gt-planar-light;\">uszkodzenia mechanicznego,<\/span><\/p><\/li><li><p><span style=\"font-size: 14px; font-family: gt-planar-light;\">gdy procedura cementowania nie jest odpowiednio dobrana do<\/span><\/p><p><span style=\"font-size: 14px; font-family: gt-planar-light;\">materia\u0142u z jakiego jest wykonana struktura<\/span><\/p><\/li><\/ul><div><span style=\"font-family: gt-planar-light;\">\u00a0<\/span><\/div><div><span style=\"font-family: gt-planar-light;\">\u00a0<\/span><\/div><p><span style=\"font-size: 14px; font-family: gt-planar-light;\">W przypadku reklamacji prosimy o sfotografowanie pracy w ustach przed zdj\u0119ciem, przes\u0142anie pracy wraz z wyciskiem lub przes\u0142anie skanu oraz opisem: dane pacjenta, nazwisko lekarza kt\u00f3ry osadza\u0142 prace, data wykonania pracy.<\/span><\/p>\t\t\t\t\t\t\t\t<\/div>\n\t\t\t\t<\/div>\n\t\t\t\t<div class=\"elementor-element elementor-element-e23630a elementor-widget elementor-widget-spacer\" data-id=\"e23630a\" data-element_type=\"widget\" data-e-type=\"widget\" data-widget_type=\"spacer.default\">\n\t\t\t\t<div class=\"elementor-widget-container\">\n\t\t\t\t\t\t\t<div class=\"elementor-spacer\">\n\t\t\t<div class=\"elementor-spacer-inner\"><\/div>\n\t\t<\/div>\n\t\t\t\t\t\t<\/div>\n\t\t\t\t<\/div>\n\t\t\t\t<div class=\"elementor-element elementor-element-fbe80fd elementor-widget elementor-widget-image\" data-id=\"fbe80fd\" data-element_type=\"widget\" data-e-type=\"widget\" data-widget_type=\"image.default\">\n\t\t\t\t<div class=\"elementor-widget-container\">\n\t\t\t\t\t\t\t\t\t\t\t\t\t\t\t<img fetchpriority=\"high\" decoding=\"async\" width=\"768\" height=\"512\" src=\"https:\/\/www.implalab.pl\/wp-content\/uploads\/2026\/03\/CERTYFIKAT-ImplaLab-strona-768x512.png\" class=\"attachment-medium_large size-medium_large wp-image-8218\" alt=\"\" srcset=\"https:\/\/www.implalab.pl\/wp-content\/uploads\/2026\/03\/CERTYFIKAT-ImplaLab-strona-768x512.png 768w, https:\/\/www.implalab.pl\/wp-content\/uploads\/2026\/03\/CERTYFIKAT-ImplaLab-strona-300x200.png 300w, https:\/\/www.implalab.pl\/wp-content\/uploads\/2026\/03\/CERTYFIKAT-ImplaLab-strona-1024x683.png 1024w, https:\/\/www.implalab.pl\/wp-content\/uploads\/2026\/03\/CERTYFIKAT-ImplaLab-strona-1536x1024.png 1536w, https:\/\/www.implalab.pl\/wp-content\/uploads\/2026\/03\/CERTYFIKAT-ImplaLab-strona-555x370.png 555w, https:\/\/www.implalab.pl\/wp-content\/uploads\/2026\/03\/CERTYFIKAT-ImplaLab-strona-600x400.png 600w, https:\/\/www.implalab.pl\/wp-content\/uploads\/2026\/03\/elementor\/thumbs\/CERTYFIKAT-ImplaLab-strona-rk0cmhbjx8rap5d4mtix1e8107po693n3rn193u8zk.png 1771w, https:\/\/www.implalab.pl\/wp-content\/uploads\/2026\/03\/CERTYFIKAT-ImplaLab-strona-e1772621784393.png 400w\" sizes=\"(max-width: 768px) 100vw, 768px\" \/>\t\t\t\t\t\t\t\t\t\t\t\t\t\t\t<\/div>\n\t\t\t\t<\/div>\n\t\t\t\t<div class=\"elementor-element elementor-element-7f3e143 elementor-widget elementor-widget-spacer\" data-id=\"7f3e143\" data-element_type=\"widget\" data-e-type=\"widget\" data-widget_type=\"spacer.default\">\n\t\t\t\t<div class=\"elementor-widget-container\">\n\t\t\t\t\t\t\t<div class=\"elementor-spacer\">\n\t\t\t<div class=\"elementor-spacer-inner\"><\/div>\n\t\t<\/div>\n\t\t\t\t\t\t<\/div>\n\t\t\t\t<\/div>\n\t\t\t\t\t<\/div>\n\t\t\t\t<\/div>\n\t\t\t\t<\/div>\n\t\t","protected":false},"excerpt":{"rendered":"<p>WSP\u00d3\u0141PRACA Edytuj Terminarz Rodzaj pracy Dni robocze* Rodzaj pracy Dni robocze* All-on-X Zr lub licowane kompozytem 15 Korona kompozytowa o podbudowie ze sticku 5 Korona Zr na \u0142\u0105czniku indywidualnym 7 Korona kompozytowa o podbudowie metalowej 6 Korona Mc na \u0142\u0105czniku indywidualnym 7 Most kompozytowy powy\u017cej 5 pkt 6 Mosty Zr na \u0142\u0105cznikach indywidualnych 7 Wk\u0142ad &hellip;<\/p>\n","protected":false},"author":1,"featured_media":0,"parent":0,"menu_order":0,"comment_status":"closed","ping_status":"closed","template":"","meta":{"_acf_changed":false,"ngg_post_thumbnail":0,"footnotes":""},"class_list":["post-6671","page","type-page","status-publish","hentry"],"acf":[],"_links":{"self":[{"href":"https:\/\/www.implalab.pl\/index.php?rest_route=\/wp\/v2\/pages\/6671","targetHints":{"allow":["GET"]}}],"collection":[{"href":"https:\/\/www.implalab.pl\/index.php?rest_route=\/wp\/v2\/pages"}],"about":[{"href":"https:\/\/www.implalab.pl\/index.php?rest_route=\/wp\/v2\/types\/page"}],"author":[{"embeddable":true,"href":"https:\/\/www.implalab.pl\/index.php?rest_route=\/wp\/v2\/users\/1"}],"replies":[{"embeddable":true,"href":"https:\/\/www.implalab.pl\/index.php?rest_route=%2Fwp%2Fv2%2Fcomments&post=6671"}],"version-history":[{"count":126,"href":"https:\/\/www.implalab.pl\/index.php?rest_route=\/wp\/v2\/pages\/6671\/revisions"}],"predecessor-version":[{"id":8414,"href":"https:\/\/www.implalab.pl\/index.php?rest_route=\/wp\/v2\/pages\/6671\/revisions\/8414"}],"wp:attachment":[{"href":"https:\/\/www.implalab.pl\/index.php?rest_route=%2Fwp%2Fv2%2Fmedia&parent=6671"}],"curies":[{"name":"wp","href":"https:\/\/api.w.org\/{rel}","templated":true}]}}