{"id":6689,"date":"2025-03-31T12:32:09","date_gmt":"2025-03-31T12:32:09","guid":{"rendered":"https:\/\/www.implalab.pl\/?page_id=6689"},"modified":"2026-03-17T10:26:12","modified_gmt":"2026-03-17T10:26:12","slug":"nasze-uslugi","status":"publish","type":"page","link":"https:\/\/www.implalab.pl\/?page_id=6689","title":{"rendered":"Nasze us\u0142ugi"},"content":{"rendered":"\t\t<div data-elementor-type=\"wp-page\" data-elementor-id=\"6689\" class=\"elementor elementor-6689\">\n\t\t\t\t<div class=\"elementor-element elementor-element-6516318 e-flex e-con-boxed e-con e-parent\" data-id=\"6516318\" data-element_type=\"container\" data-e-type=\"container\" data-settings=\"{&quot;background_background&quot;:&quot;classic&quot;}\">\n\t\t\t\t\t<div class=\"e-con-inner\">\n\t\t<div class=\"elementor-element elementor-element-acb7b51 e-con-full e-flex e-con e-child\" data-id=\"acb7b51\" data-element_type=\"container\" data-e-type=\"container\">\n\t\t\t\t<div class=\"elementor-element elementor-element-8229d3e elementor-widget elementor-widget-spacer\" data-id=\"8229d3e\" data-element_type=\"widget\" data-e-type=\"widget\" data-widget_type=\"spacer.default\">\n\t\t\t\t<div class=\"elementor-widget-container\">\n\t\t\t\t\t\t\t<div class=\"elementor-spacer\">\n\t\t\t<div class=\"elementor-spacer-inner\"><\/div>\n\t\t<\/div>\n\t\t\t\t\t\t<\/div>\n\t\t\t\t<\/div>\n\t\t\t\t<\/div>\n\t\t<div class=\"elementor-element elementor-element-2fbca94 e-con-full e-flex e-con e-child\" data-id=\"2fbca94\" data-element_type=\"container\" data-e-type=\"container\">\n\t\t\t\t<\/div>\n\t\t<div class=\"elementor-element elementor-element-05910ac e-con-full e-flex e-con e-child\" data-id=\"05910ac\" data-element_type=\"container\" data-e-type=\"container\">\n\t\t\t\t<\/div>\n\t\t<div class=\"elementor-element elementor-element-c194806 e-con-full e-flex e-con e-child\" data-id=\"c194806\" data-element_type=\"container\" data-e-type=\"container\">\n\t\t\t\t<div class=\"elementor-element elementor-element-0c62a4b elementor-widget elementor-widget-spacer\" data-id=\"0c62a4b\" data-element_type=\"widget\" data-e-type=\"widget\" data-widget_type=\"spacer.default\">\n\t\t\t\t<div class=\"elementor-widget-container\">\n\t\t\t\t\t\t\t<div class=\"elementor-spacer\">\n\t\t\t<div class=\"elementor-spacer-inner\"><\/div>\n\t\t<\/div>\n\t\t\t\t\t\t<\/div>\n\t\t\t\t<\/div>\n\t\t\t\t<div class=\"elementor-element elementor-element-624bcec elementor-widget elementor-widget-text-editor\" data-id=\"624bcec\" data-element_type=\"widget\" data-e-type=\"widget\" data-widget_type=\"text-editor.default\">\n\t\t\t\t<div class=\"elementor-widget-container\">\n\t\t\t\t\t\t\t\t\t<p><span style=\"font-family: gt-planar-medium; font-size: 36px; color: #000000;\">NASZE US\u0141UGI<\/span><\/p>\t\t\t\t\t\t\t\t<\/div>\n\t\t\t\t<\/div>\n\t\t\t\t<\/div>\n\t\t\t\t\t<\/div>\n\t\t\t\t<\/div>\n\t\t<div class=\"elementor-element elementor-element-49ef2b9 e-flex e-con-boxed e-con e-parent\" data-id=\"49ef2b9\" data-element_type=\"container\" data-e-type=\"container\">\n\t\t\t\t\t<div class=\"e-con-inner\">\n\t\t\t\t<div class=\"elementor-element elementor-element-7f6a174 elementor-widget elementor-widget-spacer\" data-id=\"7f6a174\" data-element_type=\"widget\" data-e-type=\"widget\" data-widget_type=\"spacer.default\">\n\t\t\t\t<div class=\"elementor-widget-container\">\n\t\t\t\t\t\t\t<div class=\"elementor-spacer\">\n\t\t\t<div class=\"elementor-spacer-inner\"><\/div>\n\t\t<\/div>\n\t\t\t\t\t\t<\/div>\n\t\t\t\t<\/div>\n\t\t\t\t<div class=\"elementor-element elementor-element-16d4858 elementor-widget__width-initial elementor-widget elementor-widget-text-editor\" data-id=\"16d4858\" data-element_type=\"widget\" data-e-type=\"widget\" data-widget_type=\"text-editor.default\">\n\t\t\t\t<div class=\"elementor-widget-container\">\n\t\t\t\t\t\t\t\t\t<p style=\"text-align: left;\" data-start=\"429\" data-end=\"731\"><span style=\"font-family: gt-planar-light;\">W ImplaLab specjalizujemy si\u0119 w kompleksowych rozwi\u0105zaniach z zakresu implantoprotetyki cyfrowej.<\/span><br data-start=\"544\" data-end=\"547\" \/><span style=\"font-family: gt-planar-light;\">\u0141\u0105czymy zaawansowan\u0105 technologi\u0119 CAD\/CAM, fotogrametri\u0119 oraz do\u015bwiadczenie technik\u00f3w i ceramist\u00f3w, aby dostarcza\u0107 prace o najwy\u017cszej precyzji, estetyce i przewidywalno\u015bci klinicznej.<\/span><\/p><p data-start=\"429\" data-end=\"731\">\u00a0<\/p><p data-start=\"429\" data-end=\"731\">\u00a0<\/p><p style=\"text-align: left;\" data-start=\"429\" data-end=\"731\"><span style=\"font-family: gt-planar-regular;\"><strong><span style=\"font-size: 18px;\">Odbudowy All-on-X<br \/><br \/><\/span><\/strong><\/span><span style=\"font-family: gt-planar-light;\">Jeste\u015bmy specjalistami w pracach <strong data-start=\"795\" data-end=\"807\">All-on-X<\/strong>, wykonuj\u0105c rekonstrukcje pe\u0142no\u0142ukowe w r\u00f3\u017cnych konfiguracjach materia\u0142owych:<\/span><\/p><ul style=\"text-align: left;\" data-start=\"887\" data-end=\"1126\"><li data-start=\"887\" data-end=\"973\"><p data-start=\"889\" data-end=\"973\"><span style=\"font-family: gt-planar-light;\"><strong data-start=\"889\" data-end=\"904\">All-on-X Zr<\/strong> \u2013 pe\u0142noceramiczne konstrukcje na podbudowie z cyrkonu (Zr).<\/span><\/p><\/li><li data-start=\"974\" data-end=\"1126\"><p data-start=\"976\" data-end=\"1126\"><span style=\"font-family: gt-planar-light;\"><strong data-start=\"976\" data-end=\"1023\">All-on-X licowane lub frezowane z kompozytu<\/strong> \u2013 konstrukcje o wysokiej estetyce i spr\u0119\u017cysto\u015bci, idealne do rekonstrukcji funkcjonalnych.<\/span><\/p><\/li><\/ul><p style=\"text-align: left;\" data-start=\"1128\" data-end=\"1287\"><span style=\"font-family: gt-planar-light;\">Wszystkie konstrukcje projektowane s\u0105 cyfrowo, z pe\u0142n\u0105 kontrol\u0105 toru wprowadzenia i osi implant\u00f3w, co gwarantuje pasywno\u015b\u0107 i stabilno\u015b\u0107 pracy.<\/span><\/p><p data-start=\"1128\" data-end=\"1287\">\u00a0<\/p><p data-start=\"1128\" data-end=\"1287\">\u00a0<\/p><p style=\"text-align: left;\" data-start=\"1128\" data-end=\"1287\"><span style=\"font-family: gt-planar-regular; font-size: 18px;\"><strong>Korony i mosty na implantach<\/strong><br \/><br \/><\/span><span style=\"font-family: gt-planar-light;\">Realizujemy prace oparte na ponad <strong data-start=\"1378\" data-end=\"1414\">200 systemach implantologicznych<\/strong>, zapewniaj\u0105c kompatybilno\u015b\u0107 i precyzj\u0119 wykonania.<\/span><\/p><ul style=\"text-align: left;\" data-start=\"1467\" data-end=\"1818\"><li data-start=\"1467\" data-end=\"1578\"><p data-start=\"1469\" data-end=\"1578\"><span style=\"font-family: gt-planar-light;\"><strong data-start=\"1469\" data-end=\"1490\">Korony i mosty Zr<\/strong> \u2013 frezowane konstrukcje z cyrkonu, zapewniaj\u0105ce doskona\u0142\u0105 estetyk\u0119 i trwa\u0142o\u015b\u0107.<\/span><\/p><\/li><li data-start=\"1579\" data-end=\"1704\"><p data-start=\"1581\" data-end=\"1704\"><span style=\"font-family: gt-planar-light;\"><strong data-start=\"1581\" data-end=\"1619\">Korony i mosty MC (metal-ceramika)<\/strong> \u2013 klasyczne rozwi\u0105zania o wysokiej odporno\u015bci mechanicznej i precyzji dopasowania.<\/span><\/p><\/li><li data-start=\"1705\" data-end=\"1818\"><p data-start=\"1707\" data-end=\"1818\"><span style=\"font-family: gt-planar-light;\"><strong data-start=\"1707\" data-end=\"1742\">Korony i mosty MC na implantach<\/strong> \u2013 rekonstrukcje osadzane na indywidualnych \u0142\u0105cznikach implantologicznych.<\/span><\/p><\/li><\/ul><p>\u00a0<\/p><p>\u00a0<\/p><p data-start=\"1707\" data-end=\"1818\"><span style=\"font-family: gt-planar-regular; font-size: 18px;\"><strong>Komponenty i konstrukcje implantologiczne<\/strong><br \/><br \/><\/span><\/p><ul style=\"text-align: left;\" data-start=\"1876\" data-end=\"2262\"><li><span style=\"font-family: gt-planar-light;\"><strong data-start=\"2163\" data-end=\"2175\">Belki Ti<\/strong> \u2013 rozwi\u0105zania typu iBar oraz indywidualne systemy retencyjne dla prac pe\u0142no\u0142ukowych.<\/span><\/li><li data-start=\"1876\" data-end=\"2013\"><p data-start=\"1878\" data-end=\"2013\"><span style=\"font-family: gt-planar-light;\"><strong data-start=\"1878\" data-end=\"1919\">\u0141\u0105czniki indywidualne Bionic Abutment<\/strong> \u2013 projektowane i frezowane w technologii CAD\/CAM z pe\u0142n\u0105 personalizacj\u0105 profilu wy\u0142aniania.<\/span><\/p><\/li><li data-start=\"2014\" data-end=\"2160\"><p data-start=\"2016\" data-end=\"2160\"><span style=\"font-family: gt-planar-light;\"><strong data-start=\"2016\" data-end=\"2059\">Podbudowy Zr \/ struktury Zr na belki Ti<\/strong> \u2013 konstrukcje oparte na tytanowych belkach, gwarantuj\u0105ce maksymaln\u0105 stabilno\u015b\u0107 i trwa\u0142o\u015b\u0107.<\/span><\/p><\/li><\/ul><p>\u00a0<\/p><p>\u00a0<\/p><p data-start=\"2016\" data-end=\"2160\"><span style=\"font-family: gt-planar-regular; font-size: 18px;\"><strong>Estetyka i ceramika<\/strong><br \/><br \/><\/span><\/p><ul style=\"text-align: left;\" data-start=\"2298\" data-end=\"2636\"><li data-start=\"2298\" data-end=\"2415\"><p data-start=\"2300\" data-end=\"2415\"><span style=\"font-family: gt-planar-light;\"><strong data-start=\"2300\" data-end=\"2323\">Lic\u00f3wki typu e-max, LiSi<\/strong> \u2013 najwy\u017cszej jako\u015bci prace estetyczne wykonywane w systemach prasowanych lub frezowanych.<\/span><\/p><\/li><li data-start=\"2416\" data-end=\"2534\"><p data-start=\"2418\" data-end=\"2534\"><span style=\"font-family: gt-planar-light;\"><strong data-start=\"2418\" data-end=\"2469\">Nak\u0142ady typu inlay \/ onlay LiSi lub kompozytowe<\/strong> \u2013 precyzyjne uzupe\u0142nienia o doskona\u0142ej szczelno\u015bci i estetyce.<\/span><\/p><\/li><li data-start=\"2416\" data-end=\"2534\"><span style=\"font-family: gt-planar-light;\"><strong>Korony Zr<\/strong> &#8211; korony cyrkonowe w odcinku przednim, z mo\u017cliwo\u015bci\u0105 wykonania w pracowni.<\/span><\/li><\/ul><p>\u00a0<\/p><p>\u00a0<\/p><p style=\"text-align: left;\" data-start=\"2643\" data-end=\"2697\"><span style=\"font-family: gt-planar-regular; font-size: 18px;\"><strong>Projektowanie cyfrowe i planowanie estetyczne<\/strong><br \/><br \/><\/span><\/p><ul style=\"text-align: left;\" data-start=\"2698\" data-end=\"3036\"><li data-start=\"2698\" data-end=\"2834\"><p data-start=\"2700\" data-end=\"2834\"><span style=\"font-family: gt-planar-light;\"><strong data-start=\"2700\" data-end=\"2729\">DSD \u2013 Dental Smile Design<\/strong> \u2013 cyfrowe projektowanie u\u015bmiecu z uwzgl\u0119dnieniem anatomii twarzy i indywidualnych proporcji pacjenta.<\/span><\/p><\/li><li data-start=\"2835\" data-end=\"2938\"><p data-start=\"2837\" data-end=\"2938\"><span style=\"font-family: gt-planar-light;\"><strong data-start=\"2837\" data-end=\"2866\">Wax-Up cyfrowy i manualny<\/strong> \u2013 wizualizacja efektu ko\u0144cowego pracy przed wykonaniem rekonstrukcji.<\/span><\/p><\/li><li data-start=\"2939\" data-end=\"3036\"><p data-start=\"2941\" data-end=\"3036\"><span style=\"font-family: gt-planar-light;\"><strong data-start=\"2941\" data-end=\"2968\">Szyny do flow injection<\/strong> \u2013 precyzyjne zaplanowanie odbudowy.<\/span><\/p><\/li><\/ul><p>\u00a0<\/p><p>\u00a0<\/p><p data-start=\"2941\" data-end=\"3036\"><span style=\"font-family: gt-planar-regular; font-size: 18px;\"><strong>Systemy implantologiczne, z kt\u00f3rymi pracujemy<\/strong><br \/><br \/><\/span><span style=\"font-family: gt-planar-light;\">Przyjmujemy zam\u00f3wienia na wykonanie \u0142\u0105cznik\u00f3w indywidualnych oraz konstrukcji protetycznych do ponad <strong>200 system\u00f3w implantologicznych<\/strong>, m.in.:<\/span><br data-start=\"3241\" data-end=\"3244\" \/><span style=\"font-family: gt-planar-light;\">Nobel Biocare, Straumann, AB Dental, Adin, Alpha-Bio Tec., Ankylos, Anthogyr AXIOM, Astra Tech, BEGO, BioHorizons, Biomet 3i, Bredent SKY, Camlog, Cortex, Dentium, DIO, ICX, Megagen, MIS, Neobiotech, Neodent, Osstem, Paltop, ROOTT, SGS Dental, Thommen SPI, Xive, Zimmer i wiele innych.<\/span><\/p><p data-start=\"2941\" data-end=\"3036\">\u00a0<\/p><p data-start=\"2941\" data-end=\"3036\">\u00a0<\/p><p data-start=\"2941\" data-end=\"3036\"><strong><span style=\"font-family: gt-planar-regular; font-size: 18px;\">Wyciski standardowe i prace konwencjonalne<br \/><br \/><\/span><\/strong><\/p><p style=\"text-align: left;\" data-start=\"3590\" data-end=\"4024\"><span style=\"font-family: gt-planar-light;\">Przyjmujemy r\u00f3wnie\u017c prace wykonane na wyciskach standardowych. Powsta\u0142e z wycisk\u00f3w modele, skanujemy z wykorzystaniem system\u00f3w optycznych wysokiej rozdzielczo\u015bci, co pozwala na ich dalsze opracowanie w \u015brodowisku cyfrowym CAD\/CAM.<\/span><br data-start=\"3888\" data-end=\"3891\" \/><span style=\"font-family: gt-planar-light;\">Dzi\u0119ki temu mo\u017cemy \u0142\u0105czy\u0107 tradycyjne metody kliniczne z nowoczesn\u0105 technologi\u0105, zachowuj\u0105c najwy\u017cszy poziom dok\u0142adno\u015bci i estetyki.<\/span><\/p><p data-start=\"3590\" data-end=\"4024\">\u00a0<\/p><p data-start=\"3590\" data-end=\"4024\">\u00a0<\/p><p style=\"text-align: left;\" data-start=\"3590\" data-end=\"4024\"><span style=\"font-family: gt-planar-regular;\"><strong><span style=\"font-size: 18px;\">Indywidualna estetyka<br \/><br \/><\/span><\/strong><\/span><\/p><p style=\"text-align: left;\" data-start=\"4062\" data-end=\"4232\"><span style=\"font-family: gt-planar-light;\">D\u0105\u017c\u0105c do perfekcyjnego odwzorowania natury i harmonii u\u015bmiechu, oferujemy mo\u017cliwo\u015b\u0107 wykonania <strong data-start=\"4156\" data-end=\"4210\">indywidualnych charakteryzacji prac przy pacjencie<\/strong>.<\/span><br data-start=\"4211\" data-end=\"4214\" \/><span style=\"font-family: gt-planar-light;\">Proces obejmuje:<br \/><br \/><\/span><\/p><ol style=\"text-align: left;\" data-start=\"4233\" data-end=\"4543\"><li data-start=\"4233\" data-end=\"4348\"><p data-start=\"4236\" data-end=\"4348\"><span style=\"font-family: gt-planar-light;\"><strong data-start=\"4236\" data-end=\"4252\">Dob\u00f3r koloru<\/strong> w laboratorium \u2013 przez ceramistk\u0119 lub spektrometr, na odpowiednim stanowisku oraz o\u015bwietleniu.<\/span><\/p><\/li><li data-start=\"4349\" data-end=\"4439\"><p data-start=\"4352\" data-end=\"4439\"><span style=\"font-family: gt-planar-light;\"><b>Dokumentacja fotograficzna &#8211;<\/b> fotografia makro, z kontrasterami oraz filtrami polaryzacyjnymi.<\/span><\/p><\/li><li data-start=\"4440\" data-end=\"4543\"><p data-start=\"4443\" data-end=\"4543\"><span style=\"font-family: gt-planar-light;\"><strong data-start=\"4443\" data-end=\"4470\">Charakteryzacja ko\u0144cowa<\/strong> \u2013 wykonana przy pacjencie, z mo\u017cliwo\u015bci\u0105 korekt w czasie rzeczywistym.<br \/><br \/><\/span><\/p><\/li><\/ol><p style=\"text-align: left;\" data-start=\"4545\" data-end=\"4735\"><span style=\"font-family: gt-planar-light;\">Dysponujemy profesjonalnym stanowiskiem fotograficznym (aparat makro, lampy, filtry polaryzacyjne), co pozwala nam na pe\u0142n\u0105 kontrol\u0119 kolorystyczn\u0105 i dokumentacj\u0119 przed\u2013po.<\/span><\/p><p style=\"text-align: left;\" data-start=\"4742\" data-end=\"4900\"><span style=\"font-family: gt-planar-light;\">\u00a0<\/span><\/p><p style=\"text-align: left;\" data-start=\"4742\" data-end=\"4900\"><span style=\"font-family: gt-planar-light;\">\u00a0<\/span><\/p><p style=\"text-align: left;\" data-start=\"4742\" data-end=\"4900\"><span style=\"font-family: gt-planar-light;\">ImplaLab to po\u0142\u0105czenie <\/span><strong style=\"font-family: gt-planar-light;\" data-start=\"4765\" data-end=\"4799\">technologii, wiedzy i precyzji<\/strong><span style=\"font-family: gt-planar-light;\">, dzi\u0119ki kt\u00f3rym oferujemy rozwi\u0105zania klasy premium w implantoprotetyce i stomatologii estetycznej.<\/span><\/p>\t\t\t\t\t\t\t\t<\/div>\n\t\t\t\t<\/div>\n\t\t\t\t<div class=\"elementor-element elementor-element-e2edb47 elementor-widget elementor-widget-spacer\" data-id=\"e2edb47\" data-element_type=\"widget\" data-e-type=\"widget\" data-widget_type=\"spacer.default\">\n\t\t\t\t<div class=\"elementor-widget-container\">\n\t\t\t\t\t\t\t<div class=\"elementor-spacer\">\n\t\t\t<div class=\"elementor-spacer-inner\"><\/div>\n\t\t<\/div>\n\t\t\t\t\t\t<\/div>\n\t\t\t\t<\/div>\n\t\t\t\t\t<\/div>\n\t\t\t\t<\/div>\n\t\t\t\t<\/div>\n\t\t","protected":false},"excerpt":{"rendered":"<p>NASZE US\u0141UGI W ImplaLab specjalizujemy si\u0119 w kompleksowych rozwi\u0105zaniach z zakresu implantoprotetyki cyfrowej.\u0141\u0105czymy zaawansowan\u0105 technologi\u0119 CAD\/CAM, fotogrametri\u0119 oraz do\u015bwiadczenie technik\u00f3w i ceramist\u00f3w, aby dostarcza\u0107 prace o najwy\u017cszej precyzji, estetyce i przewidywalno\u015bci klinicznej. \u00a0 \u00a0 Odbudowy All-on-X Jeste\u015bmy specjalistami w pracach All-on-X, wykonuj\u0105c rekonstrukcje pe\u0142no\u0142ukowe w r\u00f3\u017cnych konfiguracjach materia\u0142owych: All-on-X Zr \u2013 pe\u0142noceramiczne konstrukcje na podbudowie &hellip;<\/p>\n","protected":false},"author":1,"featured_media":0,"parent":0,"menu_order":0,"comment_status":"closed","ping_status":"closed","template":"","meta":{"_acf_changed":false,"ngg_post_thumbnail":0,"footnotes":""},"class_list":["post-6689","page","type-page","status-publish","hentry"],"acf":[],"_links":{"self":[{"href":"https:\/\/www.implalab.pl\/index.php?rest_route=\/wp\/v2\/pages\/6689","targetHints":{"allow":["GET"]}}],"collection":[{"href":"https:\/\/www.implalab.pl\/index.php?rest_route=\/wp\/v2\/pages"}],"about":[{"href":"https:\/\/www.implalab.pl\/index.php?rest_route=\/wp\/v2\/types\/page"}],"author":[{"embeddable":true,"href":"https:\/\/www.implalab.pl\/index.php?rest_route=\/wp\/v2\/users\/1"}],"replies":[{"embeddable":true,"href":"https:\/\/www.implalab.pl\/index.php?rest_route=%2Fwp%2Fv2%2Fcomments&post=6689"}],"version-history":[{"count":74,"href":"https:\/\/www.implalab.pl\/index.php?rest_route=\/wp\/v2\/pages\/6689\/revisions"}],"predecessor-version":[{"id":8408,"href":"https:\/\/www.implalab.pl\/index.php?rest_route=\/wp\/v2\/pages\/6689\/revisions\/8408"}],"wp:attachment":[{"href":"https:\/\/www.implalab.pl\/index.php?rest_route=%2Fwp%2Fv2%2Fmedia&parent=6689"}],"curies":[{"name":"wp","href":"https:\/\/api.w.org\/{rel}","templated":true}]}}